 common factor of 310 and 30.
10
Calculate the greatest common factor of 824 and 1854.
206
What is the greatest common divisor of 10 and 235?
5
What is the greatest common factor of 129 and 20253?
129
Calculate the greatest common factor of 80 and 16.
16
What is the greatest common factor of 164 and 574?
82
Calculate the greatest common divisor of 117 and 273.
39
What is the greatest common factor of 3 and 3?
3
What is the highest common divisor of 68 and 13328?
68
What is the greatest common factor of 15096 and 37?
37
Calculate the greatest common divisor of 275 and 110.
55
Calculate the highest common factor of 16 and 12.
4
Calculate the highest common factor of 57 and 423.
3
Calculate the greatest common factor of 3346 and 448.
14
What is the greatest common factor of 144 and 90?
18
Calculate the greatest common factor of 49 and 18.
1
Calculate the highest common factor of 8857 and 68.
17
What is the highest common factor of 38 and 95?
19
Calculate the greatest common factor of 2470 and 260.
130
What is the highest common divisor of 171 and 72?
9
What is the greatest common factor of 9 and 405?
9
What is the greatest common divisor of 182 and 56?
14
Calculate the greatest common factor of 1472 and 6992.
368
What is the greatest common divisor of 150 and 100?
50
What is the greatest common divisor of 64 and 3008?
64
Calculate the highest common divisor of 61 and 1403.
61
Calculate the greatest common divisor of 12 and 774.
6
Calculate the highest common divisor of 486 and 54.
54
Calculate the highest common divisor of 840 and 4872.
168
What is the greatest common factor of 55 and 165?
55
What is the highest common factor of 250 and 20?
10
What is the greatest common factor of 429 and 221?
13
Calculate the greatest common divisor of 31170 and 30.
30
What is the highest common divisor of 36 and 76?
4
Calculate the highest common divisor of 48 and 40.
8
What is the greatest common divisor of 33 and 1595?
11
What is the greatest common divisor of 351 and 312?
39
What is the greatest common factor of 4 and 1?
1
Calculate the greatest common factor of 460 and 184.
92
What is the highest common factor of 9108 and 324?
36
Calculate the greatest common factor of 56 and 64.
8
What is the greatest common factor of 10 and 1125?
5
Calculate the highest common divisor of 46 and 21367.
23
What is the greatest common factor of 9870 and 5?
5
Calculate the highest common divisor of 7108 and 20.
4
What is the greatest common factor of 90 and 171?
9
Calculate the highest common factor of 1240 and 40.
40
What is the highest common divisor of 12285 and 90?
45
What is the greatest common divisor of 7452 and 46?
46
What is the greatest common divisor of 122 and 5978?
122
What is the greatest common divisor of 3 and 107?
1
What is the greatest common divisor of 44 and 594?
22
What is the highest common divisor of 2987 and 203?
29
Calculate the greatest common divisor of 104 and 364.
52
Calculate the highest common factor of 156 and 429.
39
Calculate the greatest common divisor of 6 and 1014.
6
What is the highest common factor of 4309 and 139?
139
Calculate the highest common divisor of 6 and 74.
2
What is the highest common divisor of 345 and 8349?
69
Calculate the highest common divisor of 98 and 49.
49
Calculate the greatest common factor of 20 and 1260.
20
Calculate the greatest common factor of 320 and 80.
80
What is the greatest common divisor of 854 and 366?
122
What is the highest common divisor of 84 and 308?
28
What is the highest common factor of 690 and 30?
30
Calculate the greatest common divisor of 444 and 12.
12
What is the greatest common divisor of 417 and 278?
139
What is the greatest common divisor of 352 and 66?
22
Calculate the highest common factor of 374 and 660.
22
What is the highest common divisor of 26 and 1508?
26
What is the greatest common divisor of 8 and 72?
8
Calculate the greatest common factor of 5283 and 9.
9
What is the greatest common divisor of 295 and 10?
5
What is the greatest common divisor of 3 and 321?
3
What is the highest common divisor of 1140 and 8835?
285
Calculate the greatest common divisor of 44746 and 52.
26
What is the highest common divisor of 34 and 391?
17
Calculate the highest common divisor of 822 and 66.
6
What is the highest common divisor of 104 and 1469?
13
What is the highest common divisor of 441 and 74529?
441
What is the greatest common factor of 890 and 30?
10
Calculate the greatest common factor of 40 and 22.
2
What is the greatest common factor of 99 and 1298?
11
Calculate the greatest common divisor of 185 and 5.
5
Calculate the greatest common factor of 257 and 41891.
257
Calculate the highest common factor of 18 and 315.
9
Calculate the greatest common divisor of 25 and 775.
25
What is the greatest common divisor of 3425 and 25?
25
What is the greatest common factor of 25 and 1975?
25
Calculate the highest common factor of 126 and 108.
18
What is the highest common divisor of 54 and 1818?
18
Calculate the highest common factor of 231 and 1078.
77
What is the greatest common divisor of 160 and 20?
20
Calculate the highest common divisor of 24 and 16764.
12
What is the highest common divisor of 8276 and 20?
4
Calculate the greatest common divisor of 1328 and 272.
16
What is the greatest common divisor of 80 and 1080?
40
What is the highest common factor of 5250 and 325?
25
What is the greatest common divisor of 57 and 4864?
19
Calculate the greatest common factor of 2048 and 448.
64
What is the greatest common divisor of 147 and 4263?
147
Calculate the highest common divisor of 57 and 4731.
57
What is the highest common factor of 232 and 58?
58
Calculate the greatest common divisor of 8 and 2224.
8
Calculate the greatest common divisor of 190 and 20.
10
What is the greatest common factor of 10 and 15110?
10
What is the greatest common factor of 16660 and 560?
140
What is the greatest common factor of 8415 and 5?
5
Calculate the greatest common divisor of 33 and 66.
33
Calculate the greatest common divisor of 18 and 72.
18
Calculate the highest common factor of 30 and 130.
10
What is the highest common divisor of 175 and 1085?
35
What is the greatest common divisor of 4 and 271?
1
What is the greatest common divisor of 90 and 99?
9
Calculate the greatest common divisor of 81 and 189.
27
What is the highest common divisor of 430 and 690?
10
Calculate the greatest common divisor of 103 and 103.
103
Calculate the highest common divisor of 81726 and 318.
318
What is the highest common divisor of 22776 and 12?
12
What is the highest common factor of 145 and 1?
1
Calculate the highest common factor of 38 and 3990.
38
What is the highest common divisor of 11 and 352?
11
Calculate the highest common divisor of 47 and 61993.
47
Calculate the greatest common divisor of 5 and 20.
5
Calculate the highest common divisor of 64 and 26.
2
Calculate the greatest common divisor of 45 and 315.
45
Calculate the highest common factor of 9 and 117.
9
Calculate the highest common factor of 60 and 205.
5
What is the greatest common factor of 80 and 1520?
80
What is the highest common factor of 6 and 2406?
6
Calculate the highest common divisor of 33 and 253.
11
What is the highest common factor of 36 and 1152?
36
Calculate the greatest common factor of 456 and 96.
24
What is the greatest common divisor of 65 and 806?
13
Calculate the highest common factor of 423 and 188.
47
What is the highest common factor of 117 and 156?
39
Calculate the highest common divisor of 10 and 22.
2
Calculate the highest common divisor of 203 and 145.
29
What is the greatest common divisor of 34 and 289?
17
Calculate the greatest common divisor of 10302 and 17.
17
Calculate the greatest common divisor of 3393 and 39.
39
What is the greatest common factor of 77 and 187?
11
What is the greatest common factor of 88491 and 13?
13
Calculate the greatest common factor of 8 and 62.
2
Calculate the greatest common factor of 851 and 148.
37
What is the greatest common factor of 4558 and 1272?
106
Calculate the greatest common divisor of 90 and 1071.
9
Calculate the greatest common divisor of 138 and 690.
138
What is the highest common divisor of 17 and 102?
17
Calculate the greatest common factor of 32 and 7016.
8
Calculate the highest common div